71 prime?
False
Is 3132627 a composite number?
True
Is 102765029 a composite number?
False
Is 3955685 a composite number?
True
Is 27388931 a composite number?
False
Is 85775623 prime?
True
Is 1745389 a prime number?
True
Is 68068841 a composite number?
False
Is 67151807 prime?
True
Is 1784807 composite?
False
Is 510828047 a composite number?
False
Is 162861109 a composite number?
True
Is 2044561 a prime number?
True
Is 418549 composite?
True
Is 1123985 a composite number?
True
Is 4633483 a prime number?
True
Is 1024072081 prime?
True
Is 356618623 composite?
False
Is 8786593 a prime number?
True
Is 201010387 a composite number?
True
Is 374331871 a composite number?
False
Is 60490541 composite?
True
Is 348401 prime?
True
Is 11549561 a prime number?
True
Is 7119501 a prime number?
False
Is 253343809 composite?
True
Is 22504943 composite?
True
Is 6640321 composite?
False
Is 32863 a prime number?
False
Is 35794201 a composite number?
False
Is 1112869 composite?
True
Is 23395571 prime?
True
Is 2174945 composite?
True
Is 144346651 a prime number?
True
Is 8017813 a prime number?
False
Is 2855089 composite?
False
Is 20743949 a prime number?
True
Is 9029033 a prime number?
False
Is 86187835 prime?
False
Is 350838229 prime?
False
Is 340749595 a prime number?
False
Is 6668197 a prime number?
False
Is 3774389 a composite number?
False
Is 16438459 composite?
False
Is 12457637 a prime number?
False
Is 24586853 composite?
True
Is 21161181 a prime number?
False
Is 1076627 a composite number?
True
Is 3654143 a composite number?
False
Is 773017 composite?
True
Is 2143711 a composite number?
False
Is 182668163 a composite number?
False
Is 642953 a prime number?
True
Is 153479423 a composite number?
True
Is 80900689 a composite number?
True
Is 6727069 composite?
False
Is 4404719 prime?
False
Is 4600117 prime?
False
Is 14771941 prime?
True
Is 844929205 a prime number?
False
Is 12122749 a composite number?
True
Is 211870681 a prime number?
False
Is 1503017 a prime number?
True
Is 16709333 prime?
False
Is 27127129 prime?
True
Is 712421 a composite number?
True
Is 378869 a composite number?
False
Is 71947943 composite?
True
Is 29408539 a composite number?
False
Is 7010821 a composite number?
False
Is 6097721 a prime number?
False
Is 40400561 composite?
True
Is 88139 composite?
True
Is 19207511 a composite number?
False
Is 801677 a composite number?
False
Is 494119 a composite number?
True
Is 18665021 a composite number?
False
Is 78902221 a composite number?
False
Is 439165 prime?
False
Is 3781759 a composite number?
False
Is 467399 prime?
True
Is 188407127 a composite number?
False
Is 13938857 a prime number?
True
Is 121467079 a prime number?
False
Is 536609 a composite number?
False
Is 6033161 composite?
True
Is 850481 a composite number?
False
Is 13816763 a prime number?
True
Is 1054546 prime?
False
Is 14237627 prime?
True
Is 5133317 a composite number?
True
Is 9916939 a prime number?
True
Is 4952609 a composite number?
False
Is 193669393 composite?
True
Is 171970109 composite?
False
Is 429143619 composite?
True
Is 3908543 a prime number?
True
Is 9139917 a composite number?
True
Is 3815197 composite?
False
Is 8663937 prime?
False
Is 503039 prime?
True
Is 10204399 a composite number?
True
Is 532339 a composite number?
True
Is 11259217 a composite number?
False
Is 29249971 a prime number?
False
Is 7005809 composite?
False
Is 23912753 a prime number?
True
Is 93461857 prime?
False
Is 71467729 a composite number?
False
Is 9471859 a prime number?
True
Is 6413417 composite?
True
Is 613346579 a prime number?
True
Is 419561453 a prime number?
True
Is 4811143 a prime number?
False
Is 248741 a composite number?
True
Is 772200053 a composite number?
False
Is 1809163 prime?
True
Is 90064349 a prime number?
False
Is 24659707 prime?
False
Is 2132539 prime?
True
Is 753019 prime?
True
Is 160115602 a composite number?
True
Is 46508743 a composite number?
False
Is 9029177 a composite number?
True
Is 1781203 prime?
True
Is 529871 prime?
True
Is 31086079 composite?
False
Is 65158823 composite?
False
Is 107107079 prime?
True
Is 1616819551 a prime number?
True
Is 13233389 a prime number?
False
Is 170450783 a prime number?
False
Is 9921511 composite?
True
Is 193605193 prime?
False
Is 3623017 prime?
True
Is 23712197 composite?
True
Is 4601099 a prime number?
True
Is 344747123 a prime number?
False
Is 7284073 a composite number?
False
Is 5451053 prime?
False
Is 13931369 a composite number?
True
Is 2146939 composite?
False
Is 535061 prime?
True
Is 84636287 a composite number?
False
Is 442111 a prime number?
False
Is 52344419 prime?
True
Is 635842 a composite number?
True
Is 9551911 prime?
False
Is 22949647 a prime number?
False
Is 23038649 composite?
False
Is 483626747 prime?
True
Is 40817951 prime?
True
Is 22772801 a composite number?
True
Is 337627 composite?
False
Is 5569331 a composite number?
True
Is 58031879 a composite number?
False
Is 18433523 a composite number?
True
Is 902467 composite?
True
Is 15156913 a prime number?
True
Is 5004053 a composite number?
False
Is 547121 composite?
False
Is 27539261 prime?
True
Is 799341653 a composite number?
True
Is 3970711 a prime number?
True
Is 51333533 a prime number?
True
Is 47460341 a prime number?
True
Is 16330129 composite?
True
Is 2940577 prime?
True
Is 106412627 prime?
True
Is 47494781 a composite number?
False
Is 78096833 a prime number?
True
Is 190979993 a prime number?
False
Is 47575603 prime?
False
Is 135828269 a composite number?
True
Is 16299763 composite?
True
Is 26984861 a composite number?
False
Is 2914673 a composite number?
False
Is 34599553 a prime number?
True
Is 64367773 a prime number?
True
Is 106447 prime?
False
Is 72064117 a composite number?
False
Is 42641 prime?
True
Is 3322621 composite?
False
Is 6159869 composite?
False
Is 27154229 a composite number?
True
Is 7885427 a composite number?
True
Is 48510907 prime?
True
Is 11379413 a composite number?
False
Is 3173800783 composite?
False
Is 445069081 a composite number?
True
Is 534199 a prime number?
True
Is 129120989 a prime number?
True
Is 33685283 a prime number?
False
Is 37859137 a composite number?
True
Is 9817165 composite?
True
Is 3906017 a prime number?
True
Is 92921071 a prime number?
True
Is 372733 a prime number?
True
Is 92384189 prime?
True
Is 47011129 prime?
False
Is 188483117 composite?
False
Is 234302161 composite?
True
Is 7018442 prime?
False
Is 369641863 a prime number?
False
Is 16752597 composite?
True
Is 124318979 composite?
True
Is 69521671 a prime number?
False
Is 10842679 a composite number?
False
Is 5255903 composite?
False
Is 242578145 a prime number?
False
Is 135921029 prime?
True
Is 18395647 prime?
False
Is 42855073 composite?
False
Is 850961 a composite number?
True
Is 5321209 a composite number?
True
Is 696197 prime?
False
Is 57775799 prime?
True
Is 83503861 a composite number?
True
Is 24820771 a prime number?
True
Is 152343127 composite?
False
Is 25321291 prime?
False
Is 2193563 prime?
False
Is 1586327 composite?
False
Is 28310921 prime?
False
Is 180130087 prime?
False
Is 5631037 composite?
False
Is 35170309 composite?
False
Is 1796941 composite?
False
Is 556847 prime?
False
Is 9435857 prime?
False
Is 288025039 a prime number?
True
Is 116562851 composite?
False
Is 11414519 a composite number?
False
Is 47341115 a composite number?
True
Is 4790426 a prime number?
False
Is 25967941 a prime number?
True
Is 77215729 composite?
True
Is 1816721 a composite number?
True
Is 15756319 composite?
False
Is 4178743823 a composite number?
False
Is 3725591 a prime number?
True
Is 57632953 composite?
True
Is 127373 a prime number?
True
Is 10699769 a composite number?
False
Is 458303 prime?
False
Is 29371327 prime?
False
Is 1771849 composite?
False
Is 3700061 composite?
True
Is 551569349 composite?
False
Is 3387511 composite?
False
Is 206450977 prime?
True
Is 14514351 composite?
True
Is 1820141 composite?
True
Is 78793579 prime?
False
Is 4594067 composite?
True
Is 12576959 a prime number?
True
Is 661501 a prime number?
False
Is 7146595 prime?
False
Is 3639803 a prime number?
False
Is 33972997 composite?
False
Is 2675901 prime?
False
Is 420430705 a prime number?
False
Is 4560707 a prime number?
True
Is 1515643 a prime number?
True
Is 2275855 a composite numb